
-65
Let d(r) = -4*r**2 + 40*r - 196. Give d(6).
-100
Let x(a) = 7*a**2 + 143*a + 129. What is x(-18)?
-177
Let b(j) = 4*j**2 - 71*j + 64. Give b(17).
13
Let v(c) = 14*c + 239. Determine v(7).
337
Let m(t) = -3*t**3 + 129*t**2 + 51*t - 2193. Determine m(43).
0
Let x(c) = -8*c**2 + 148*c + 440. Determine x(-3).
-76
Let s(u) = 2*u**2 + 47*u - 287. Give s(8).
217
Let k(t) = -67*t - 137. What is k(-7)?
332
Let y(m) = 229*m + 5493. Determine y(-24).
-3
Let c(f) = f**3 - 8*f**2 + 10*f + 13. Determine c(4).
-11
Let m(c) = -9*c**3 + 3*c**2 - 5*c - 3. Calculate m(3).
-234
Let c(d) = -d**3 + d**2 - d + 7. Give c(4).
-45
Let l(k) = 2*k**2 - 102*k - 942. Calculate l(-8).
2
Let b(w) = -w**3 - 3*w**2 + 16*w + 19. Determine b(-5).
-11
Let i(g) = g**3 - 5*g**2 - 13*g + 6. Give i(9).
213
Let q(h) = 2*h**3 + 102*h**2 + 1242*h + 38. Give q(-31).
-24
Let v(r) = -2*r**3 - 6*r - 3. Give v(0).
-3
Let k(b) = -b**3 + 85*b**2 + 643*b + 130. Determine k(92).
38
Let n(z) = z**2 + 9*z - 326. What is n(14)?
-4
Let b(o) = -o**2 - 51*o - 568. Determine b(-14).
-50
Let i(k) = -2*k**2 - 645*k - 2545. Calculate i(-4).
3
Let v(d) = 8*d**2 - 885*d - 1227. Determine v(112).
5
Let l(f) = -f**3 + 14*f**2 - 66*f + 96. What is l(3)?
-3
Let b(k) = -555*k + 1648. Calculate b(3).
-17
Let d(c) = 2*c**2 + 57*c - 88. Give d(-31).
67
Let q(l) = 244*l + 576. What is q(-4)?
-400
Let s(q) = 22*q - 546. Calculate s(25).
4
Let z(r) = -5*r**3 - 46*r**2 + 41*r + 454. Calculate z(-9).
4
Let o(l) = -2*l**2 - 46*l - 93. Determine o(8).
-589
Let o(v) = -37*v + 618. What is o(17)?
-11
Let j(r) = -2*r**3 - 110*r**2 - r - 73. What is j(-55)?
-18
Let q(t) = -5*t**2 + 175*t - 2294. Determine q(15).
-794
Let z(t) = t**3 - 21*t**2 + 52*t - 2916. Give z(24).
60
Let q(w) = -2*w**2 - 2*w + 32. Give q(-6).
-28
Let p(u) = -2*u**3 - 33*u**2 + 20*u - 2. What is p(-17)?
-53
Let c(z) = 572*z - 14295. Give c(25).
5
Let g(o) = 532*o - 3760. Give g(7).
-36
Let v(f) = -3*f**2 - 808*f - 807. Determine v(-1).
-2
Let g(i) = 2*i**2 + i - 8. What is g(7)?
97
Let r(z) = -41*z + 240. Determine r(7).
-47
Let v(q) = -q**3 + q**2 - 71*q + 223. What is v(3)?
-8
Let p(b) = -b**3 - 27*b**2 - 41*b + 209. Determine p(-25).
-16
Let s(c) = -6*c**2 - 51*c - 98. Calculate s(-2).
-20
Let g(x) = -8*x**2 - 83*x - 43. What is g(-9)?
56
Let s(j) = -422*j - 5909. Give s(-14).
-1
Let o(d) = -2*d**3 + 123*d**2 - 681*d + 93. What is o(6)?
3
Let t(q) = 27*q**3 + 89*q**2 + 26*q + 16. Determine t(-3).
10
Let k(o) = 47*o + 1. Determine k(0).
1
Let k(r) = 4*r**2 + 141*r + 136. Determine k(-1).
-1
Let m(y) = 2*y**3 - 84*y**2 - 2647*y + 58. Determine m(63).
-5
Let i(w) = -w**3 - 3*w**2 + 6*w + 6. Calculate i(-4).
-2
Let r(l) = l**3 + 42*l**2 + 38*l + 167. Determine r(-41).
290
Let o(s) = -24*s - 405. Calculate o(-12).
-117
Let r(y) = 12*y - 723. What is r(61)?
9
Let x(s) = s**2 + 174*s - 16763. What is x(69)?
4
Let w(h) = 2*h - 913. Determine w(72).
-769
Let o(f) = 2*f**2 + 8*f - 8. Give o(-12).
184
Let r(m) = -2*m**2 + 176*m - 2895. Give r(22).
9
Let p(r) = 547*r**3 - 17*r + 18. Calculate p(1).
548
Let f(k) = k**2 + 109*k + 1486. What is f(-86)?
-492
Let z(y) = 5*y**2 + 117*y - 62. Give z(-24).
10
Let a(k) = 3*k**2 + 28*k + 28. Determine a(-6).
-32
Let a(t) = -2*t**3 + 2*t**2 - 3*t + 2. Calculate a(1).
-1
Let y(s) = s**3 - 6*s**2 - 123*s - 85. What is y(-8)?
3
Let k(o) = -2*o**3 + 2*o**2 - 13*o + 22. Give k(2).
-12
Let g(y) = -13*y + 137. Calculate g(8).
33
Let s(i) = -i**3 + 13*i**2 - 40*i - 4. Calculate s(5).
-4
Let t(j) = j**2 - 368*j - 1112. What is t(-3)?
1
Let c(u) = 40*u - 1160. Calculate c(29).
0
Let t(r) = r**3 - 3*r**2 - 14*r + 7. Give t(7).
105
Let t(v) = -2*v**2 - 55*v - 5. Determine t(-18).
337
Let g(j) = -1125*j + 4487. What is g(4)?
-13
Let q(z) = -293*z - 193. Calculate q(-1).
100
Let q(r) = 2*r**2 + 87*r - 1969. Give q(-60).
11
Let p(v) = 71*v - 897. Calculate p(34).
1517
Let f(a) = -2*a**3 + 162*a**2 - 2357*a - 6. Calculate f(19).
-25
Let i(o) = -127*o - 37. Determine i(1).
-164
Let s(q) = 18*q - 461. What is s(26)?
7
Let v(k) = 49*k + 1363. Give v(-23).
236
Let x(l) = -15*l**2 + 481*l - 36. Give x(32).
-4
Let x(z) = -z**3 - 300*z**2 + 3*z - 7. Calculate x(0).
-7
Let g(a) = 3*a**2 + 88*a + 597. What is g(-11)?
-8
Let t(d) = -d**3 - 42*d**2 + 402*d + 2878. Determine t(-49).
-13
Let p(x) = 9*x**2 - 54*x - 2219. Give p(19).
4
Let k(g) = -3*g - 87. Calculate k(-32).
9
Let j(a) = 5*a**2 + 48*a + 33. What is j(-9)?
6
Let a(y) = -593*y - 1157. Give a(-2).
29
Let c(v) = -4*v**2 - 136*v - 252. Determine c(-31).
120
Let a(g) = -g**3 - 15*g**2 - 51*g - 8. Calculate a(-10).
2
Let h(u) = 2*u**2 - 51*u + 190. Determine h(4).
18
Let d(j) = -j**3 + 25*j**2 + 84*j + 1. Calculate d(28).
1
Let b(a) = -554*a + 1798. Give b(3).
136
Let u(v) = v**2 - 44*v + 381. Give u(31).
-22
Let d(j) = -j**3 - 5*j**2 + 22*j + 111. What is d(-4)?
7
Let a(u) = -2*u**2 - 123*u + 1436. Calculate a(10).
6
Let k(a) = 8*a + 16. Determine k(-10).
-64
Let g(u) = 51*u**2 - 25*u - 23. Calculate g(4).
693
Let f(n) = 3*n**3 - 71*n**2 + 47*n - 45. What is f(23)?
-22
Let k(w) = -10*w**2 - 33*w - 33. Determine k(-4).
-61
Let a(h) = 25*h - 212. Determine a(8).
-12
Let v(g) = -255*g + 241. Calculate v(1).
-14
Let a(w) = -8*w**2 + 5*w - 6. What is a(0)?
-6
Let j(h) = h**3 - 6*h**2 - 22*h + 21. Determine j(11).
384
Let q(o) = -o**3 + 9*o**2 - 2*o + 38. Give q(8).
86
Let i(y) = -4*y**2 + 143*y + 73. What is i(37)?
-112
Let p(s) = -s**3 + 6*s**2 + 62*s - 340. Calculate p(5).
-5
Let h(b) = -4*b**2 + 1383*b - 1382. Determine h(1).
-3
Let c(x) = -36*x + 253. Give c(7).
1
Let d(y) = 334*y + 14053. What is d(-42)?
25
Let u(m) = -20*m**2 + 811*m + 808. Give u(-1).
-23
Let t(v) = 182*v**3 + v**2 + 11*v - 11. Calculate t(1).
183
Let r(z) = 2*z + 51. What is r(-9)?
33
Let a(w) = -w**3 - 11*w**2 + 77*w - 46. What is a(-16)?
2
Let f(l) = -l**3 - 2*l**2 - 4*l - 8. Give f(-2).
0
Let v(i) = -27*i - 169. Calculate v(-19).
344
Let a(b) = -11*b**2 - 277*b - 60. Determine a(-25).
-10
Let z(y) = -y**3 - 7*y**2 - 10*y - 44. Give z(-5).
-44
Let u(n) = n**2 - 39*n - 75. Give u(-2).
7
Let m(l) = l**2 - 82*l + 1. Give m(3).
-236
Let u(v) = -v**3 + 11*v**2 + 9*v - 3. What is u(12)?
-39
Let a(y) = -y**2 - 41*y - 134. Calculate a(-4).
14
Let v(p) = 2*p**3 + 102*p**2 - 105*p - 43. Calculate v(-52).
9
Let m(q) = 3*q**2 - 1496*q + 7419. Determine m(5).
14
Let n(x) = x**2 + 27*x - 929. What is n(19)?
-55
Let b(q) = -5*q**2 - 39*q + 27. Give b(-9).
-27
Let h(u) = -8*u**2 - 221*u + 105. Determine h(-28).
21
Let m(c) = 12*c + 91. Calculate m(0).
91
Let l(y) = 7*y**2 + 81*y + 41. What is l(-15)?
401
Let v(p) = 32*p + 4033. Calculate v(-126).
1
Let l(s) = 5*s**3 + 75*s**2 + 3*s + 20. Give l(-15).
-25
Let g(z) = -z**2 - 21*z + 3549. Calculate g(-71).
-1
Let o(v) = -3*v**3 - 12*v**2 - 24*v - 4. Give o(-3).
41
Let t(w) = -12*w + 83. What is t(10)?
-37
Let y(f) = 128*f + 4621. Determine y(-36).
13
Let w(r) = -r**3 - 11*r**2 - 18*r + 26. Give w(-7).
-44
Let c(l) = 51*l + 45. Give c(-4).
-159
Let n(u) = 15*u - 331. Give n(20).
-31
Let f(v) = -50*v**3 + 9*v**2 - 22*v + 2. Give f(2).
-406
Let y(q) = -259*q - 6487. Give y(-25).
-12
Let x(c) = -12*c - 20. Give x(2).
-44
Let m(l) = 2*l**2 - 87*l + 918. Give m(26).
8
Let a(l) = -43*l + 144. Calculate a(2).
58
Let j(m) = -m**3 - 6*m**2 - 20*m - 30. Give j(-4).
18
Let v(p) = -233*p - 20507. Give v(-88).
-3
Let m(z) = -6*z**2 - 42*z + 271. Determine m(5).
-89
Let c(o) = -18*o + 368. Give c(20).
8
Let i(q) = -9*q**2 - 817*q + 183. Calculate i(-91).
1
Let y(o) = 2*o**2 + 46*o + 103. Determine y(-33).
763
Let n(l) = 181*l - 266. Give n(1).
-85
Let c(l) = l**3 - 3*l**2 - 16*l + 30. Calculate c(4).
-18
Let q(d) = d**3 - 11*d**2 + 181*d - 484. What is q(3)?
-13
Let i(u) = -u**2 - 25*u + 17. What is i(-26)?
-9
Let n(w) = 5450*w + 10934. What is n(-2)?
34
Let i(a) = -a**3 + 61*a**2 - 477*a + 5347. Calculate i(54).
1
Let v(o) = -49*o - 143. Give v(0).
-143
Let v(u) = -u**3 + 11*u**2 - 10*u + 10. Determine v(6).
130
Let y(r) = 3*r**2 + 315*r - 978. Calculate y(-108).
-6
Let h(t) = 54*t + 1675. What is h(-31)?
1
Let g(q) = -q**2 - 16*q - 47. Determine g(-10).
13
Let v(h) = -102*h - 1040. Give v(-6).
-428
Let l(k) = -4*k + 114. Calculate l(17).
46
Let v(h) = -9*h**2 + 143*h + 18. Give v(16).
2
Let n(c